(base 16) to base 9
-657140
Convert -813078 (base 15) to base 5.
-3032321423
What is 10127a4 (base 12) in base 15?
3e738d
-2b219 (base 12) to base 9
-102343
Convert -2220022100222 (base 3) to base 12.
-623bbb
1011000001111011011 (base 2) to base 8
1301733
4200113 (base 5) to base 16
10caf
What is -101122212120 (base 3) in base 9?
-348776
4422431 (base 5) to base 4
102231020
68f (base 16) to base 11
1297
1792614 (base 10) to base 6
102231050
-13874806 (base 9) to base 2
-11010010100010111101101
-4da85 (base 15) to base 7
-2054135
10012323131 (base 4) to base 12
43b2a5
-53200255 (base 7) to base 5
-2123120124
-17615077 (base 8) to base 3
-21210002211012
What is -10a721 (base 11) in base 14?
-47c07
-17f97 (base 16) to base 12
-489b3
Convert -26663513 (base 7) to base 12.
-9b1148
11011001000111110011 (base 2) to base 15
12878b
Convert 13310030001 (base 4) to base 11.
117a2a8
Convert -3746a6 (base 11) to base 4.
-2100132332
What is -117712 (base 9) in base 15?
-161cb
Convert 11122031 (base 5) to base 6.
2035303
344130 (base 8) to base 7
664411
5606a9 (base 11) to base 5
212101241
What is 6158a8 (base 11) in base 8?
3613020
-10100100010101011110010 (base 2) to base 6
-311230150
Convert 144514 (base 12) to base 4.
1102313200
27176bb (base 12) to base 3
112120121202022
What is -16bab1 (base 14) in base 5?
-201104434
What is 1c9891 (base 16) in base 3?
10112012201211
Convert -36423660 (base 7) to base 5.
-1312444133
114111 (base 7) to base 4
11002131
Convert 54512341 (base 6) to base 16.
18d3a5
What is 8d711 (base 15) in base 11?
288495
Convert -1799961 (base 10) to base 15.
-2584c6
Convert -153418a (base 11) to base 2.
-1010000001001011101010
53118 (base 11) to base 12
3890a
What is 22202001121 (base 3) in base 13?
60436
1145145 (base 6) to base 10
60761
203232220 (base 4) to base 7
1146442
Convert 157183 (base 12) to base 15.
73186
What is 84459 (base 12) in base 8?
522605
Convert 11b054 (base 12) to base 16.
46780
440050121 (base 6) to base 4
131323032001
Convert 10433250 (base 6) to base 16.
4d11e
What is -154404254 (base 6) in base 14?
-61bc70
Convert -101012300 (base 5) to base 9.
-680514
-a2616 (base 15) to base 9
-863523
bdcb68 (base 15) to base 12
304792b
What is 234041140 (base 5) in base 14?
201c39
Convert -447074 (base 9) to base 13.
-94a65
What is 32b304 (base 12) in base 13?
223678
1001001010001001100 (base 2) to base 9
506603
What is 10251311 (base 6) in base 16?
49cdb
What is -7517635 (base 8) in base 5?
-1003210231
What is -10232023413 (base 5) in base 6?
-1023441521
What is -208118a (base 12) in base 4?
-113122332322
81cbc (base 16) to base 12
2177b8
Convert 2434333122 (base 5) to base 6.
323454411
Convert 2303111 (base 4) to base 8.
26325
What is 30304 (base 5) in base 11?
1517
Convert 121021 (base 6) to base 4.
2211211
Convert -11102021201001 (base 3) to base 6.
-122153514
What is 2610 (base 8) in base 3?
1221110
Convert 20025726 (base 8) to base 5.
2034034101
Convert 152425030 (base 6) to base 5.
1310114102
Convert -135154242 (base 7) to base 10.
-8853987
What is -2121312 (base 4) in base 9?
-14450
Convert 40113242 (base 5) to base 6.
10442105
Convert -33abd (base 14) to base 4.
-132222213
Convert -772164 (base 8) to base 11.
-167806
Convert 1b47989 (base 14) to base 10.
13620357
-51482 (base 12) to base 6
-2135042
What is -21101100020 (base 3) in base 4?
-203132220
Convert 1772363 (base 12) to base 5.
2222030143
-1421402311 (base 5) to base 8
-16073153
What is 24bd48 (base 16) in base 5?
1104022002
-101110001100100001 (base 2) to base 3
-100121120001
Convert 46962 (base 16) to base 3.
112200121020
a3274 (base 15) to base 14
d655c
-197256 (base 16) to base 13
-4650b4
What is -5504504 (base 9) in base 12?
-ba6627
Convert 40016 (base 12) to base 11.
57370
Convert -2131142 (base 5) to base 6.
-440342
Convert -15430516 (base 7) to base 11.
-9258a3
-6638aa (base 11) to base 10
-1059233
Convert 7c67e4 (base 16) to base 15.
ab0ac5
What is 11101001110001010 (base 2) in base 11?
81a1a
-954b0d (base 14) to base 5
-2242430031
What is -101111101001011100101 (base 2) in base 9?
-2838646
-e793 (base 15) to base 13
-19395
1027699 (base 10) to base 4
3322321303
536136 (base 8) to base 9
302845
What is -16a8a6 (base 13) in base 10?
-566117
Convert -1eb949 (base 15) to base 11.
-93a543
-341cb0 (base 16) to base 13
-92764c
Convert -57480 (base 9) to base 4.
-21112200
Convert -16126376 (base 8) to base 10.
-3714302
What is -1420314 (base 8) in base 14?
-a6508
163157 (base 13) to base 6
15435535
What is 100413032 (base 5) in base 7?
3302154
What is -1112100100202 (base 3) in base 2?
-11000110101100000011
What is -61b85 (base 16) in base 6?
-12325021
-404313355 (base 6) to base 7
-112623356
Convert 10515350 (base 7) to base 10.
911876
Convert -b0a139 (base 13) to base 11.
-2355230
Convert 19741 (base 13) to base 3.
2111222221
What is -455693 (base 14) in base 11?
-13709a1
-2c0b4 (base 16) to base 11
-1135a4
-205425425 (base 6) to base 16
-3759b9
Convert 6043437 (base 10) to base 13.
13379ca
Convert 5aa4a (base 11) to base 2.
10101011011100011
2266b (base 14) to base 13
2c081
What is 1d2dc (base 15) in base 14?
2696d
Convert -200012100 (base 4) to base 14.
-35cac
c4b119 (base 14) to base 3
110111020120012
What is 8a364 (base 11) in base 4?
133330313
Convert 4bd67 (base 16) to base 4.
1023311213
1997443 (base 14) to base 16
c25503
What is -100321506 (base 7) in base 2?
-10110001101000011001010
-379c78 (base 16) to base 3
-20212011100211
-104142302 (base 5) to base 4
-1300011011
What is -205344 (base 7) in base 3?
-1210201010
What is -2683588 (base 10) in base 14?
-4dbdac
What is -301245 (base 6) in base 11?
-16846
What is 43de3 (base 16) in base 10?
277987
-2596799 (base 10) to base 7
-31033562
Convert 475563 (base 8) to base 15.
33300
Convert -37251 (base 8) to base 16.
-3ea9
What is -a3783 (base 11) in base 9?
-250536
What is -423d0c (base 14) in base 3?
-11012202012222
Convert -32541503 (base 6) to base 5.
-222240313
2632322 (base 7) to base 10
344192
Convert -11353154 (base 6) to base 3.
-200010212121
-71f6ce (base 16) to base 7
-120324532
What is 34504642 (base 7) in base 9?
5623174
What is 323112 (base 4) in base 16?
ed6
What is -513a85 (base 12) in base 9?
-2347302
21443530 (base 6) to base 9
1180840
10100122212111 (base 3) to base 13
4a6320
What is cd80e (base 16) in base 4?
3031200032
What is -11111011101010110101 (base 2) in base 8?
-3735265
-2551130 (base 8) to base 3
-1100000211222
Convert 302226 (base 7) to base 4.
30200121
Convert 311632 (base 7) to base 8.
150352
What is 3326254 (base 7) in base 8?
1441375
1452412 (base 7) to base 9
331257
What is -1028685 (base 9) in base 4?
-2012200232
Convert 10200123434 (base 5) to base 15.
dd6699
-10010011001111111001001 (base 2) to base 7
-56004103
Convert 100001001000111101101 (base 2) to base 8.
4110755
Convert 4815 (base 14) to base 9.
18208
What is -8a10a (base 15) in base 12?
-192061
What is -7c6c7 (base 16) in base 13?
-14ac80
Convert -2200324 (base 7) to base 5.
-32102302
What is 223312123 (base 4) in base 15?
38341
What is -43817 (base 10) in base 7?
-241514
Convert a9d860 (base 15) to base 13.
18a5831
What is -192ca6 (base 13) in base 8?
-2330024
What is -517140 (base 8) in base 12?
-83394
What is 4c9e8f (base 16) in base 8?
23117217
113105111 (base 6) to base 13
58a8b1
Convert -202200112201 (base 3) to base 10.
-407179
What is 11519fd (base 16) in base 9?
37148006
What is 54033340 (base 7) in base 10?
4596718
Convert -3276132 (base 8) to base 3.
-1122220100102
-313110310 (base 4) to base 9
-374761
-2f9251 (base 16) to base 14
-5b2253
-255025443 (base 6) to base 8
-23035703
1112221220022 (base 3) to base 11
514554
-1000221331 (base 4) to base 6
-5402021
What is -37ba4 (base 14) in base 11?
-93824
Convert 76cda6 (base 15) to base 12.
1a91210
Convert 360814 (base 9) to base 6.
4353234
Convert -10213400 (base 5) to base 15.
-1a4d5
What is -1267274 (base 8) in base 16?
-56ebc
What is 10111022220 (base 3) in base 2?
10000110010011110
180194 (base 12) to base 6
12521104
What is 73006 (base 11) in base 10?
106486
Convert -1100101001001001110 (base 2) to base 7.
-3343555
51ee87 (base 16) to base 7
63432313
Convert 3300 (base 14) to base 13.
4026
What is -732d8 (base 14) in base 4?
-1003303132
10